{"id":299,"date":"2023-06-26T16:32:20","date_gmt":"2023-06-26T13:32:20","guid":{"rendered":"https:\/\/mrrottos.com\/?page_id=299"},"modified":"2023-06-26T17:17:35","modified_gmt":"2023-06-26T14:17:35","slug":"hakkimizda","status":"publish","type":"page","link":"https:\/\/mrrottos.com\/?page_id=299","title":{"rendered":"HAKKIMIZDA"},"content":{"rendered":"\n<div class=\"row\"  id=\"row-1851288836\">\n\n\n\t<div class=\"col small-12 large-12\"  >\n\t\t<div class=\"col-inner\"  >\n\t\t\t\n\t\t\t\n\n<p><strong>G\u00d6R\u00dc\u015e:<\/strong><br \/>T\u00fcketicilerimizin ihtiya\u00e7lar\u0131n\u0131 kar\u015f\u0131lamak i\u00e7in hizmet, kalite ve de\u011feri \u00f6n planda tutan, d\u00fcnya \u00e7ap\u0131nda tan\u0131nan bir g\u0131da \u015firketi olmak.<br \/>G\u00fcvenilir ve kalite odakl\u0131 bir i\u015fletmeyiz. M\u00fc\u015fterilerimizle her zaman en \u00fcst d\u00fczeyde profesyonellik ve sayg\u0131yla ilgileniriz. Sahip oldu\u011fumuz bilgi ve deneyim birikimi \u0131\u015f\u0131\u011f\u0131nda, t\u00fcketicilerimize premium \u00fcr\u00fcnler sunmay\u0131 hedefliyoruz.<\/p>\n<p><strong>KAL\u0130TE POL\u0130T\u0130KASI:<\/strong><br \/>\u00dcr\u00fcnlerimizin kalitesini korumak ve s\u00fcrekli iyile\u015ftirmek, bizi her ge\u00e7en g\u00fcn daha da zorlayan en b\u00fcy\u00fck hedefimizdir. Deneyimli kalite departman\u0131m\u0131z, t\u00fcketiciye en iyi \u00fcr\u00fcn\u00fc ula\u015ft\u0131rmak i\u00e7in yorulmadan \u00e7al\u0131\u015fmaktad\u0131r.<\/p>\n<p><strong>Bu ikisini ana hedefimiz haline getirdik:<\/strong><br \/>\u00bb M\u00fc\u015fteri memnuniyetini sa\u011flamak i\u00e7in m\u00fc\u015fteriye odaklanmak ve ihtiya\u00e7lar\u0131n\u0131 \u00f6ng\u00f6rmek.<br \/>\u00bb Kendimizi m\u00fc\u015fterilerimiz i\u00e7in tercih edilen tedarik\u00e7iler haline getirmek i\u00e7in sat\u0131\u015f \u00e7abalar\u0131m\u0131z\u0131 geli\u015ftirmek<\/p>\n\n\t\t<\/div>\n\t<\/div>\n\n\t\n\n<\/div>\n\n","protected":false},"excerpt":{"rendered":"","protected":false},"author":1,"featured_media":0,"parent":0,"menu_order":0,"comment_status":"closed","ping_status":"closed","template":"","meta":{"footnotes":""},"class_list":["post-299","page","type-page","status-publish","hentry"],"_links":{"self":[{"href":"https:\/\/mrrottos.com\/index.php?rest_route=\/wp\/v2\/pages\/299","targetHints":{"allow":["GET"]}}],"collection":[{"href":"https:\/\/mrrottos.com\/index.php?rest_route=\/wp\/v2\/pages"}],"about":[{"href":"https:\/\/mrrottos.com\/index.php?rest_route=\/wp\/v2\/types\/page"}],"author":[{"embeddable":true,"href":"https:\/\/mrrottos.com\/index.php?rest_route=\/wp\/v2\/users\/1"}],"replies":[{"embeddable":true,"href":"https:\/\/mrrottos.com\/index.php?rest_route=%2Fwp%2Fv2%2Fcomments&post=299"}],"version-history":[{"count":2,"href":"https:\/\/mrrottos.com\/index.php?rest_route=\/wp\/v2\/pages\/299\/revisions"}],"predecessor-version":[{"id":347,"href":"https:\/\/mrrottos.com\/index.php?rest_route=\/wp\/v2\/pages\/299\/revisions\/347"}],"wp:attachment":[{"href":"https:\/\/mrrottos.com\/index.php?rest_route=%2Fwp%2Fv2%2Fmedia&parent=299"}],"curies":[{"name":"wp","href":"https:\/\/api.w.org\/{rel}","templated":true}]}}